 34*n + 3*o = 45*n - 104324, 5*o - 47420 = -5*n. What is the hundreds digit of n?
4
Suppose 0 = -3*m + p + 78, -40*p = 2*m - 42*p - 52. Let v(u) = 6*u + 151. What is the units digit of v(m)?
7
Suppose 7*o = -3*d + 10*o - 27, -5*d - 47 = -4*o. Let w(j) = -j**3 - 2*j**2 - 34*j - 135. What is the thousands digit of w(d)?
1
Suppose -3 = -5*b + 17. Let o(x) = -11*x**2 - 75*x + 19. Let m be o(-7). What is the units digit of (3/b)/(m/(7*20))?
1
Let n(a) = -a**3 - 87*a**2 - 80*a + 99. What is the units digit of n(-88)?
3
Suppose -13*c + 8*c = -50. Suppose s = -c*s + 2508. What is the hundreds digit of s?
2
Let u(m) be the second derivative of 56*m**3/3 + 13*m**2/2 + 117*m - 2. What is the hundreds digit of u(7)?
7
Suppose 0 = -5*f + 3*u + 12, -4*f + 3*f - u + 4 = 0. Suppose 71 - 80 = -f*q, 4*q = i - 1710. What is the units digit of i?
2
Let t(k) = -3*k**2 + 19*k + 40. Let a(h) = 16*h**2 + 20*h - 33*h**2 + 13*h**2 + 39. Let g(d) = -2*a(d) + 3*t(d). What is the tens digit of g(17)?
4
Suppose 193514 = -30*h + 802184. What is the hundreds digit of h?
2
Let k(g) = 55*g - 1. Let i be (-4 - 3)*(-6)/21. Let c be k(i). Suppose -4*l + 5*s + c = -103, l - 70 = -3*s. What is the tens digit of l?
5
Suppose -390 = 74*n - 76*n + 3*q, 209 = n + 2*q. What is the units digit of n?
1
Let d = -7 + 9. Let c be (5 - -3)/(-1*d/(-37)). Suppose 167 = 5*g - 4*x, -4*g - 5*x = -x - c. What is the units digit of g?
5
Suppose 0 = -4*p - 20, -67*s + 71*s = 4*p + 137792. What is the thousands digit of s?
4
Suppose 2*z + 37*z - 98344 - 36674 = 0. What is the units digit of z?
2
Let b = -35 + 37. Suppose b*j = -15*k + 20*k - 1373, -5*j = -k + 293. What is the hundreds digit of k?
2
Let a(y) = 67*y**2. Let q be a(-1). Let d be 34*((-297)/77 + 4)*35/2. Let t = d - q. What is the units digit of t?
8
Let s(r) = 1272*r**2 - 11*r - 2. Let c be s(4). Suppose -c = 21*v - 43*v. What is the units digit of v?
3
Let b = 25 - -8. Suppose 6*f - 387 = -b. Suppose f*p - 55*p = 32. What is the units digit of p?
8
Let z(j) be the second derivative of j**4/6 - 5*j**3/6 + 27*j**2/2 + 9*j - 5. Let y be ((-4)/8)/(2/(-48)). What is the units digit of z(y)?
5
Let c = -139 + 214. Let t = c - 72. Suppose 17 = w - 7*u + t*u, -5*w - u = -85. What is the tens digit of w?
1
Let s(u) = -u**3 - 25*u**2 + 16*u - 9. Let n = -57 + 31. What is the hundreds digit of s(n)?
2
Suppose -9*b = -1243 - 1286. Suppose -3*u + 181 = v - 389, 4*v - 950 = -5*u. Let f = b - u. What is the units digit of f?
1
Suppose 5*k = -5*x + 51706 - 16151, -5*x + 4*k + 35564 = 0. What is the tens digit of (x/98)/(4/42)?
6
Let c(l) = l**3 - l**2 - 31*l + 88. Let f(q) = -q**2 + 23*q + 9. Let x be f(23). What is the tens digit of c(x)?
5
Suppose -7*a + 7700 = 13*a. Let z = -287 + a. What is the units digit of z?
8
Let h = 146 + 153. Suppose 5*t + 660 = 4*j, -h = -3*j - t + 177. What is the hundreds digit of j?
1
Let c(i) = i**2 + 22*i + 837. What is the hundreds digit of c(-56)?
7
Suppose 0 = -5*s + 50 + 5. Suppose -s*v - 33 = -0. What is the units digit of (52 - 4)/((-3)/v)?
8
Let l be (-18)/(-3) + (-34)/(-17). Suppose 4*u - 826 = -2*b, -u - 2120 = 3*b - l*b. What is the tens digit of b?
2
Let x = -116 + 96. What is the tens digit of (4/(-14))/(x/35)*44?
2
Let y(i) = 77*i**3 - 8*i**2 + 104*i - 372. What is the tens digit of y(4)?
4
Suppose 22815 = -7*s + 10*s - 3*n, 0 = -5*s - 6*n + 38058. What is the thousands digit of s?
7
Let n = -31 + 23. Let s(h) = -h**3 - 8*h**2 + h + 2. Let l be s(n). What is the tens digit of (l/5)/(3/(-110))?
4
Let a(q) = -43*q**3 - 6*q**2 - 16*q - 3. Suppose 4*y = 4*x + 12, 6*y = 2*x + 3*y + 7. What is the hundreds digit of a(x)?
3
Suppose -5*f + 41*i + 49098 = 38*i, -4*i = 24. What is the tens digit of f?
1
Suppose -3*i = -4*i + y - 9, 3*i + 27 = -y. Let f = 12 + i. Suppose 5*l = -5*n + 175, -f*l + l - n = -67. What is the tens digit of l?
3
Suppose -4*z = 7 - 15. Suppose -2*d = -3*f - 3*d + 4, z*d + 4 = 0. What is the units digit of 2/(5*f/440)?
8
Let w be (-6)/(-4) - (-6)/(84/(-245)). What is the units digit of 3 - (-40)/w - 501/(-6)?
4
What is the tens digit of 167635/2 + (6 - (-50)/(-20))/(-1)?
1
Let j(n) = n**3 + 5*n**2 + 6*n + 12. Let t be j(-4). Suppose t*v - 3416 = -10*v. What is the tens digit of v?
4
Let z = -58 - -43. Let x be z - -3*(-3 - -4). What is the units digit of (7 + -1)*((-164)/x + -4)?
8
What is the hundreds digit of ((-8852)/(-10))/(187/1870)?
8
Suppose 0 = -5*s + 6*s - 3, p - 6539 = 4*s. What is the thousands digit of p?
6
Suppose 18*u = 5102 - 836. Let i = 69 + u. What is the hundreds digit of i?
3
What is the units digit of 4532 - (7 + 6 + -9)?
8
Suppose 4*w + x - 4 - 18 = 0, 0 = 2*w - 3*x - 4. Suppose 4*a - 2528 = 2*i + 2756, 0 = -5*a + w*i + 6600. What is the hundreds digit of a?
3
Let o be (7/((-21)/(-9)))/1. Let b be (-9)/(0 - -3) + o - -3. What is the tens digit of 428/20*15/b?
0
Suppose -72*d + 73*d - 2189 = -2*f, d = -f + 1092. What is the units digit of f?
7
Let c(z) = 685*z**2 - 108*z + 14. What is the ten thousands digit of c(8)?
4
Let l(f) = 2*f**3 - 40*f**2 + 20*f - 102. What is the units digit of l(20)?
8
Let v = 137735 - 92452. What is the hundreds digit of v?
2
Suppose 61 = -4*p - 79. Let i be (-119)/p - 2/5. Suppose 14 = -i*l + 44. What is the units digit of l?
0
Let q(x) = -28*x + 188. Let i be ((-208)/24)/(((-20)/6)/(-5)). What is the units digit of q(i)?
2
Let c = 2 - -6. Suppose -4*k = -c*k - 28. What is the tens digit of (-6)/(-21) + (-369)/k?
5
Let p = -1486 + 8458. What is the thousands digit of p?
6
Let h = -134 - -170. What is the hundreds digit of 171/(6/h - (-2)/6)?
3
Suppose 16*j - 15*j = -4. Let c be j*(-4)/(-8) + 96. Suppose c + 30 = 2*a. What is the units digit of a?
2
Let l be ((-24)/7)/(18/(-84)). Suppose -1344 = -4*t - 4*v, 3*v + 1 = l. What is the units digit of t?
1
Let o(l) = 16*l**2 - 22 - 4*l + l**3 + 0*l + 2*l - 3*l. Let d = 4 - 20. What is the units digit of o(d)?
8
Suppose 5*l = -z + 444, -3*z = -0*l - 4*l - 1275. Let a = 290 - z. Let m = -85 - a. What is the units digit of m?
4
Let n(t) = -5*t - 8. Let g be (-5 + 3)*4/16*10. What is the units digit of n(g)?
7
Let g = 77301 - 29067. What is the hundreds digit of g?
2
What is the tens digit of -3*(-6919)/(-204)*-16?
2
Let c = 20843 + -7270. What is the thousands digit of c?
3
Suppose -3*h + 2256 = -9*h. What is the tens digit of 2*4/(-8) - h?
7
Let s be 0/2*(-2)/(-4). Let h(r) = -r**3 + 31*r**2 - 3*r + 251. Let j be h(31). Suppose 2*k + k - 2*t - j = s, -3*t - 97 = -2*k. What is the tens digit of k?
5
Let v(d) = -222*d - d**3 - 12*d**2 + 11 + 3*d**2 + 112*d + 113*d. Let t = -24 - -13. What is the hundreds digit of v(t)?
2
Suppose 0 = -5*t - 5*j + 6485, -6*t = -7*t + 5*j + 1297. What is the hundreds digit of t?
2
Let w = -166 - -176. Suppose w*r - 4994 + 694 = 0. What is the hundreds digit of r?
4
Let m be (-189)/(-39) - 4/(-26). Let b be -1 + m/1*1. Suppose b*d - d - 3*q - 705 = 0, -d - 3*q = -235. What is the tens digit of d?
3
Let m(g) = -38*g + 4*g - 12*g + 363 - 227. What is the hundreds digit of m(-14)?
7
Suppose s + 99 = 4*u, -5*s + 3*s = 2*u - 52. Let n = u - 58. What is the units digit of ((-22)/n)/(1/39)?
6
Let u be (-3034)/(-8)*(4/(-2) + 6). Suppose 0 = 4*s - h - u, 5*h = 2*s - 535 - 246. What is the hundreds digit of s?
3
Let t(x) = -35*x - 137. Let r be t(-5). Suppose -3413 = -r*p + 1679. What is the hundreds digit of p?
1
Suppose 3*n - 2*m = -6*m - 35, 2*m = 2*n + 14. What is the hundreds digit of ((-297)/(-2))/(n - (-222)/24)?
5
What is the hundreds digit of 6228 + 1 - 42/(-63)*(1 - -2)?
2
Suppose 92*u = 225*u - 112*u - 302400. What is the hundreds digit of u?
4
Suppose -2*u - 8 + 34 = 2*m, -30 = -2*m + 2*u. Suppose -7*z + m*z = 0. Let g(n) = -n**3 - n**2 + n + 104. What is the tens digit of g(z)?
0
Let t(l) = -151*l - 33. Let g = 71 + -77. Let j be t(g). Suppose 0 = -5*z + 3*c + j, 0 = -z - 4*c + 197 - 27. What is the tens digit of z?
7
Suppose -2*z + 5*m = -51060, 8 - 4 = -m. Suppose x - 17*x = -z. What is the hundreds digit of x?
5
Suppose 30*d - 187650 = 327975 - 189225. What is the hundreds digit of d?
8
Suppose 4*z - 2*b + 70 = -284, 2*z - 4*b = -162. What is the units digit of 1 - (-18406)/12 - z/546?
5
Let y be 20/(-5) - (-2 + -5). Let a(d) = d**2 + d. Let w(q) = q**3 + 5*q**2 +